se 47*h = 49*h + 174. What is the tens digit of (-2)/(-4) + -1*h/6?
1
Let x be ((-4)/(-2 + 0))/(-2). Let u be ((-51)/(-4))/((-424)/64 + 7). Let y = u - x. What is the tens digit of y?
3
Suppose 55648 = 59*u - 22*u. What is the thousands digit of u?
1
Suppose -2*g + 74 = -4*z, g + 0*g = 4*z + 73. Let y = 23 + z. What is the units digit of y - (-5)/((-5)/2)?
3
Suppose -5*k - 82 = -2*x - 5, 2*k - 34 = -x. What is the units digit of x?
6
Let v(z) = 2*z**2 + 3*z. Let f be v(5). Suppose -w + 15 = b - f, -b = 2*w - 158. What is the units digit of w?
8
Let b be (0 - -1)*(-5 - -6). Let j(l) = -19*l**2 + 6*l + 3. Let f(o) = 19*o**2 - 7*o - 4. Let x(p) = -5*f(p) - 6*j(p). What is the units digit of x(b)?
0
Let w(r) = -211*r - 6. What is the tens digit of w(-1)?
0
Let r = -29 - -33. Suppose o - 4 = t, 23 = 2*t + 5*o - r. What is the units digit of t?
1
Suppose -9 = -c - 2*c. Suppose 0 = c*t + 23 + 25. Let g = 17 + t. What is the units digit of g?
1
Let d(q) = 53*q + 159. What is the units digit of d(6)?
7
Let b(o) = o**3 + 8 - 6*o + 6*o**2 - 3*o**2 + 5*o**2 - 2*o**2. Let p be b(-7). Suppose m + p = 13. What is the units digit of m?
2
Let s = -23 + 56. Suppose -5 = 4*d + 4*l - s, -2*l = -4*d + 10. Suppose 22 = -3*u + d*u. What is the units digit of u?
2
Suppose 0 = -2*l - l + 6. Suppose -5*m + 2*k = -240, -3*m = l*k - k - 144. Suppose m + 2 = 2*x. What is the units digit of x?
5
Suppose 0 = 5*k + 7*k. Suppose k = -10*y + 1189 + 511. What is the hundreds digit of y?
1
Let j = -42 + 50. What is the tens digit of 4*1/8 - (-1332)/j?
6
What is the units digit of 60/25*(39 + -9)?
2
What is the tens digit of -5 + 7 + 2240 + 0?
4
Suppose 12 = 3*r, -4*y + r - 324 = 2*r. Let u = -31 - y. What is the units digit of u?
1
Let t = -33 + 69. What is the units digit of 84/t*(-6)/(-2)?
7
Let u(f) = -5*f - 2. Let j be u(2). Let n = j + 16. Suppose 5*m - 3*o = 2*m + 15, 0 = m - n*o + 7. What is the units digit of m?
9
Let k(u) = -2*u - 9. Let c be k(-7). Let a(s) = -3*s + 14. Let q(z) = 10*z - 41. Let o(r) = 17*a(r) + 6*q(r). What is the tens digit of o(c)?
3
Let l(a) = -218*a - 2. Suppose 28*k - 27*k = -1. What is the hundreds digit of l(k)?
2
Let j(m) = -m**2 + 8*m - 6. Let r be j(6). Suppose 0 = -3*s + r*s + 84. Let z = 89 + s. What is the tens digit of z?
6
Let m = 3388 - 703. What is the units digit of m?
5
Suppose -6*x = -x + 320. Let c = x + 70. What is the units digit of c?
6
Let x = 99 + -60. Suppose 0 = -5*w - 5*l + 445, 5*w + x - 484 = 3*l. What is the units digit of w?
9
Suppose 2*q + 106 = 5*z, 6*z - 7*z + 12 = -5*q. What is the units digit of 2 + 60/(-33) + 3648/z?
6
Suppose 6*q = 3*q + 4*i + 341, -4*i - 127 = -q. What is the hundreds digit of q?
1
What is the tens digit of (-52)/39*(-885)/2?
9
Let l(s) = 11*s - 9. Suppose 3*o + 24 = 6*o. What is the tens digit of l(o)?
7
Let o = -94 + 58. Suppose -4*b - 2*j = 78, 0*j + j - 41 = 2*b. Let d = b - o. What is the tens digit of d?
1
Let o = -39 - -26. Let u = -13 - o. Suppose b + 2*k = 30, b + k - 35 + 0 = u. What is the tens digit of b?
4
What is the hundreds digit of 6 + (-5 - 8) + (-8475)/(-3)?
8
Let u = -523 + 3222. What is the tens digit of u?
9
Suppose 0 = -5*z + 9*p - 11*p + 7285, 2935 = 2*z + 5*p. What is the hundreds digit of z?
4
Let d(n) be the first derivative of -n**4/4 + 8*n**3/3 + 5*n - 3. Let m be d(8). Suppose -m*h = 2*g - 30, 4*g = -2*h - 16 + 44. What is the units digit of h?
4
Suppose 54*q = 64*q - 9270. What is the hundreds digit of q?
9
Let a = 1850 + -939. What is the hundreds digit of a?
9
Let m be (29 + 1)*2/4. What is the tens digit of 304/20 + (-3)/m?
1
What is the tens digit of 106*((180/(-8))/(-9) + 5)?
9
Suppose -17*v = -14*v - 351. What is the hundreds digit of v?
1
Suppose 21*r - 7821 = 7971. What is the units digit of r?
2
Suppose 3*o - 82 = 2*q + 85, -o = 3*q - 41. What is the tens digit of o?
5
Let a(g) = 10*g**2 - 50*g + 50*g - 2. What is the units digit of a(-1)?
8
Let o(t) be the third derivative of t**4/24 + 3*t**3/2 + 4*t**2. Let d be o(-7). Let y(z) = 10*z**2 - 4*z + 5. What is the tens digit of y(d)?
3
Suppose -h + 3*h - 6 = 0. Let s = h - 3. What is the units digit of (s - -1)/((-8)/(-32))?
4
Let t(j) = 230*j - 25. What is the hundreds digit of t(1)?
2
Suppose j + 111 = -2*j + 3*z, -5*z + 41 = -j. Let q = 47 + j. What is the units digit of q?
1
Let r be 10/3*(-18)/(-15). Suppose -243 = -r*j + b, 2*j + b - 119 = 4*b. What is the units digit of j?
1
What is the units digit of 8565*(-13)/(-39)*(-1 + 2)?
5
Suppose -3*z = 5*u - 29, 0 = -2*z + u - 0*u + 2. Suppose -2*k = -3*m + 2 - 4, 0 = -2*m - z*k + 16. Suppose -2*v - m*v + 116 = 0. What is the units digit of v?
9
Suppose -15 = 5*l, -31*y = -26*y + 3*l - 18191. What is the tens digit of y?
4
Suppose b = -b + 6. Suppose -b*z + z = 4*j - 128, j = 2*z + 32. Suppose j = t - 4*r, -2*t - 3*r + 91 = 3*t. What is the tens digit of t?
2
Let v = -75 - -77. Let b(t) = 15*t**3 - 3*t**2 - t + 4. What is the tens digit of b(v)?
1
Let w = 33 - 29. Suppose w*z - 44 - 4 = 0. What is the tens digit of z?
1
Let v = -19 + 20. Suppose 2*j = 3*d + 13, 3*d = -5*j + v + 21. Suppose -q = -j*f + 221, 0*f + 3*q = 2*f - 91. What is the units digit of f?
4
Let j(n) be the second derivative of n**5/20 + n**4/3 + n**3/3 + 25*n. What is the units digit of j(-3)?
3
Let n(l) be the third derivative of 7*l**2 + 25/24*l**4 + 0 + 0*l - l**3. What is the units digit of n(3)?
9
Let r(h) = 4*h + 11. Let n be r(4). Let l = n - 26. What is the units digit of l?
1
Let y(c) = 6*c - 1. Let t be y(1). Suppose m - 4*k = 6*m - 555, t*m - 550 = -5*k. What is the units digit of m?
5
Suppose 44 = -4*p + 208. Suppose p + 17 = h. What is the tens digit of h?
5
Let s = -123 + 119. Let q(v) = v - 5. Let f be q(0). What is the units digit of ((-28)/f)/(s/(-20))?
8
Let b = 1181 + 421. What is the hundreds digit of b?
6
Suppose 5*w + 4 = -3*g + 13, -w - 9 = -3*g. Suppose g*i + 0*i + 5*j = 247, 4*i - 306 = 5*j. What is the tens digit of i?
7
Let f be ((-3120)/(-9))/((-3)/(-9)) + 4. Suppose -4*m + f = 2*y, -3*y = 5*m - 8*y - 1290. What is the hundreds digit of m?
2
Let h = 699 - 463. Let l = h + -168. What is the tens digit of l?
6
Suppose 0*d - 5 = 5*d. Let p be -28 + d - (-2 + 6). What is the units digit of (p/(-11))/((-2)/(-2))?
3
Suppose -4*z - 4*z + 3056 = 0. What is the hundreds digit of z?
3
Let u(x) = -7*x**3 - 2*x**2 + x. Let n be u(-2). Let r = n - -22. What is the units digit of (-6)/(-2 + r/40)?
0
Let q(f) = 287*f - 46. What is the units digit of q(3)?
5
Let o(l) = 6 - l + 7 - 6. Let v be o(0). What is the tens digit of (-2)/v - (-254)/7?
3
Suppose 13*x - 586 = 1741. What is the units digit of x?
9
Suppose -3*y + 2 = -4*f, 2*f + 4 = 3*y - 0. Let m be 2/(((-4)/(-14))/f). Suppose 29 + m = 3*t. What is the tens digit of t?
1
Let k = -445 + 698. What is the hundreds digit of k?
2
Suppose 3976 = 4*b + 2*s, -3000 = -3*b - 0*s + 3*s. What is the hundreds digit of b?
9
Let b = 17 + -11. Let c(h) = h**3 - 3*h**2 - 4*h + 7. What is the tens digit of c(b)?
9
Let q(r) = 521*r**2 + 9*r - 11. What is the hundreds digit of q(1)?
5
Let u be ((-1)/((-10)/(-20)))/(2/20). Let y(o) = -2*o**2 - 3*o + 2. Let w be y(-4). Let b = w - u. What is the units digit of b?
2
Let y(g) = 9*g**2 - 22*g + 9. What is the tens digit of y(-11)?
4
Suppose 20 = 4*t, -2*h - t = -16 - 5. Suppose -y = -h*y + 49. What is the units digit of y?
7
Let p(y) = 95*y - 60. What is the tens digit of p(6)?
1
Let o(z) = 5*z**2 + 6*z - 6. Suppose -4*n = -5 - 19. Let q(f) = 11*f**2 + 12*f - 12. Let b(y) = n*q(y) - 13*o(y). What is the tens digit of b(7)?
1
Suppose 4*b - 20 = 1008. Let j = -93 + b. What is the units digit of j?
4
Let m be (-3 + 3/1)/(-1*3). Suppose 3*c + 0*c + 165 = 3*p, -p - 3*c + 63 = m. What is the tens digit of p?
5
Let p(r) = r**3 - 5*r**2 + 6*r + 4. Let k be p(3). Suppose -n = 2*i - 192, -4*n + 1007 = k*i + 235. What is the tens digit of n?
9
Let i(r) = 3*r - 10. Let y be i(4). Suppose -w + y = w. Let a(f) = 22*f**2 + 2*f - 1. What is the tens digit of a(w)?
2
Let k(s) = 1169*s**2 + 5*s + 3. What is the tens digit of k(1)?
7
Let t(x) = 17*x**3 + 3*x**2 - 12*x - 13. Let b(s) = 9*s**3 + 2*s**2 - 6*s - 6. Let k(c) = 5*b(c) - 3*t(c). What is the tens digit of k(-2)?
4
What is the units digit of (14 - 17) +